lculate the highest common factor of 418 and 1463.
209
What is the highest common factor of 168 and 198408?
168
Calculate the greatest common divisor of 426752 and 24.
8
What is the highest common divisor of 17199 and 1176?
147
Calculate the greatest common divisor of 113 and 63619.
113
Calculate the highest common factor of 7 and 994133.
7
Calculate the highest common factor of 9979 and 51.
17
What is the greatest common factor of 16380 and 17955?
315
Calculate the greatest common divisor of 79 and 6892987.
79
Calculate the greatest common factor of 842 and 1282366.
842
What is the highest common factor of 9 and 76500?
9
What is the highest common factor of 952 and 7672?
56
What is the highest common divisor of 1881912 and 120?
24
What is the greatest common factor of 44 and 1957582?
22
What is the highest common factor of 36501 and 276?
69
What is the greatest common divisor of 765 and 8685?
45
Calculate the greatest common factor of 43876 and 1204.
28
What is the greatest common divisor of 20307 and 5124?
21
Calculate the highest common divisor of 2712 and 20001.
339
Calculate the highest common divisor of 246175 and 215.
215
Calculate the greatest common divisor of 12496 and 66.
22
What is the greatest common divisor of 416 and 28678?
26
What is the greatest common divisor of 5033 and 91?
7
What is the greatest common divisor of 185 and 35039?
37
Calculate the highest common factor of 56 and 635446.
14
Calculate the greatest common divisor of 1669528 and 98.
98
What is the greatest common factor of 3365 and 732224?
673
Calculate the highest common divisor of 72 and 665496.
72
Calculate the highest common factor of 6807 and 3.
3
Calculate the greatest common factor of 530558 and 14.
14
What is the highest common divisor of 16092 and 108?
108
What is the highest common factor of 2596 and 374?
22
Calculate the greatest common divisor of 56616 and 10248.
168
What is the highest common factor of 23988 and 972?
12
Calculate the highest common divisor of 592 and 1676248.
296
Calculate the highest common divisor of 114490 and 2675.
535
What is the greatest common factor of 1961 and 5777?
53
Calculate the highest common divisor of 3358 and 18542.
146
Calculate the highest common divisor of 4902 and 4104.
114
Calculate the highest common divisor of 50 and 5475.
25
Calculate the greatest common divisor of 9490 and 208.
26
What is the highest common divisor of 158515 and 35?
35
What is the highest common factor of 31 and 2532731?
31
What is the greatest common divisor of 3404 and 50?
2
Calculate the greatest common factor of 892796 and 244.
244
Calculate the greatest common factor of 18 and 30342.
6
Calculate the highest common factor of 203334 and 144.
6
What is the greatest common divisor of 8085 and 31164?
147
Calculate the highest common factor of 15703 and 1189.
41
Calculate the greatest common factor of 14035 and 245.
35
Calculate the highest common factor of 30845 and 465.
155
Calculate the greatest common divisor of 111 and 791319.
111
Calculate the highest common divisor of 2520 and 24.
24
Calculate the greatest common divisor of 6 and 421359.
3
What is the highest common divisor of 190 and 476930?
10
What is the highest common factor of 483 and 5543?
23
Calculate the greatest common divisor of 105448 and 1614.
538
Calculate the highest common divisor of 12 and 691695.
3
What is the greatest common divisor of 13 and 1077583?
13
Calculate the highest common factor of 73352 and 7612.
692
Calculate the highest common divisor of 92969 and 3007.
31
What is the greatest common factor of 56176 and 16?
16
Calculate the highest common divisor of 2484 and 63.
9
What is the greatest common factor of 148533 and 308?
77
What is the highest common divisor of 252 and 60256?
28
What is the highest common factor of 5400 and 83400?
600
Calculate the highest common divisor of 927 and 3553.
1
Calculate the greatest common divisor of 106890 and 120.
30
Calculate the highest common divisor of 150 and 3473010.
30
What is the greatest common factor of 2779921 and 111?
37
What is the highest common factor of 88155 and 18?
9
What is the greatest common factor of 546107 and 101?
101
What is the highest common divisor of 2416 and 288?
16
Calculate the greatest common factor of 355 and 6816.
71
Calculate the highest common factor of 675 and 2350.
25
What is the greatest common divisor of 980 and 3598?
14
Calculate the highest common divisor of 1024463 and 55.
11
Calculate the greatest common divisor of 7272 and 11241.
9
Calculate the greatest common factor of 281 and 932077.
281
Calculate the highest common factor of 4648 and 896.
56
What is the greatest common divisor of 31 and 378696?
31
Calculate the highest common factor of 60 and 707200.
20
What is the greatest common factor of 46 and 1196?
46
Calculate the greatest common divisor of 29807 and 41.
41
What is the greatest common divisor of 21479 and 19651?
457
Calculate the greatest common factor of 1859 and 141115.
169
Calculate the greatest common factor of 45461 and 29913.
169
What is the highest common factor of 230 and 965?
5
What is the highest common factor of 16620 and 228?
12
Calculate the highest common divisor of 51 and 8636.
17
What is the greatest common divisor of 8 and 53536?
8
What is the highest common divisor of 90 and 19130?
10
What is the highest common divisor of 3301 and 2?
1
What is the greatest common divisor of 98 and 1053941?
49
Calculate the highest common factor of 14801 and 410.
41
Calculate the highest common factor of 104 and 34.
2
Calculate the greatest common divisor of 288390 and 30.
30
Calculate the highest common divisor of 34740 and 14580.
180
Calculate the greatest common divisor of 72663 and 318.
159
What is the highest common divisor of 35273 and 399?
7
What is the greatest common factor of 18387 and 19683?
81
What is the greatest common factor of 85035 and 105?
15
What is the highest common divisor of 7469 and 1848?
77
Calculate the highest common factor of 18923 and 16256.
127
What is the highest common factor of 13380 and 30?
30
What is the highest common factor of 217416 and 3336?
24
What is the greatest common factor of 385 and 5940?
55
Calculate the greatest common factor of 736 and 772.
4
Calculate the greatest common factor of 914340 and 3234.
294
What is the greatest common divisor of 259108 and 1055?
211
What is the highest common divisor of 14440 and 170?
10
Calculate the highest common divisor of 896 and 1148.
28
What is the highest common factor of 2178 and 99?
99
What is the greatest common divisor of 3937 and 10033?
127
What is the highest common factor of 144 and 8016?
48
Calculate the highest common divisor of 28 and 263774.
14
Calculate the greatest common factor of 315 and 3195.
45
Calculate the greatest common factor of 26358 and 92.
46
Calculate the highest common factor of 11 and 4109831.
11
What is the greatest common divisor of 117 and 10125?
9
Calculate the highest common factor of 238 and 7798.
14
What is the greatest common divisor of 21181 and 649?
59
What is the highest common factor of 198 and 9966?
66
Calculate the greatest common factor of 8970 and 121290.
390
What is the highest common factor of 1755 and 126?
9
Calculate the greatest common divisor of 7696 and 185.
37
What is the greatest common divisor of 764467 and 11?
11
Calculate the greatest common factor of 4403 and 5957.
259
Calculate the highest common divisor of 92939 and 6391.
77
What is the highest common factor of 256 and 4?
4
What is the greatest common divisor of 468 and 19500?
156
Calculate the greatest common divisor of 304 and 11200.
16
Calculate the highest common divisor of 205 and 1719745.
205
What is the greatest common divisor of 3940 and 7180?
20
What is the greatest common divisor of 216020 and 40?
20
What is the greatest common divisor of 267904 and 897?
299
What is the highest common divisor of 1194 and 30882?
6
Calculate the highest common divisor of 73398 and 2886.
78
Calculate the highest common factor of 1335 and 114543.
267
What is the highest common factor of 36 and 22599?
9
Calculate the highest common factor of 126589 and 277.
277
What is the greatest common divisor of 88920 and 225?
45
Calculate the greatest common factor of 21760 and 17640.
40
What is the